Let h(a) be the first derivative of 2*a**2 - 2*a - 225. Suppose 0*j + 4*w = 4*j + 12, -4*j + 3*w - 11 = 0. Calculate h(j).
-10
Let i(k) = -k**3 - 5*k**2 + 14*k + 54. Let y(u) = -u**3 - 22*u**2 - 27*u + 255. Let g be y(-20). Give i(g).
-16
Let g(w) = -w**2 + 6*w - 5. Let o be g(4). Let h(u) = -5*u**3 - 2*u**2 - 6*u - 12. Let b be h(-2). Let y(r) = 57*r - 27*r + 3*r**2 - r**3 - b*r. Determine y(o).
-6
Let t(h) = -h**3 - 12*h**2 - 13*h - 15. Suppose -215 + 50 = 15*c. Determine t(c).
7
Let m(u) = -7*u**3 - 2*u**2 + 8*u**3 + 32 - 17*u + 9. Let g be m(3). Let y(d) = d**3 - d**2 - d. What is y(g)?
-1
Let c(z) = -z + 16. Suppose -6*m = -678 - 204. Let u = m - 147. What is c(u)?
16
Suppose 54*p - 566 + 395 = 531. Let y(u) = 3*u - 26. Let h(q) = -2*q + 17. Let n(b) = 7*h(b) + 5*y(b). Calculate n(p).
2
Let v(y) = -11*y + 2. Let t(j) = -65*j + 15. Let w(g) = 6*t(g) - 35*v(g). Give w(3).
5
Let a(u) = -u**2 + 69. Suppose 2*j + 59 = 5*g, -55*g + 59*g = -5*j + 1. Give a(g).
-12
Let i(s) = 411 - 422 + 7*s**2 - 6*s**2 - 8*s. Determine i(10).
9
Let l(a) = -43*a + 261. Let m be l(6). Suppose 2*h - 2*z = 6 - 0, m*z = -6. Let i(s) = 9*s - 3. Give i(h).
6
Let o(z) = 3*z - 46. Let d(k) = k**2 - 20*k. Let g be d(0). Determine o(g).
-46
Let c(h) = h**2 + 0 + 3*h - h - 4. Let f(l) = l**3 + 9*l**2 - 22*l - 24. Let m be f(-10). Suppose m - 100 = j. Calculate c(j).
4
Let q(s) be the second derivative of s**3/6 - 2*s**2 - 218*s + 1. Suppose 2*y + 4 = -2*z - 0, 0 = -2*y + 4*z - 28. Determine q(y).
-10
Suppose 2*d + 5*k + 27 = 0, 0 = -2*d + k + 31 - 28. Let q(i) = 5*i**3 + i**2. Calculate q(d).
-4
Let b(j) = j**2 - 29*j + 20. Suppose -79 = -4*m + 5*s, -456*m + 83 = -453*m + s. What is b(m)?
-58
Let m(j) = -j**2 + j + 1. Let p be m(-1). Let c(f) = 3*f**2 - 3*f - 2. Let k be c(p). Suppose 3 = 7*u - k. Let r(l) = -l**2 + l + 1. What is r(u)?
1
Suppose 2*q + 38 = 30, -3*q = -2*f + 20. Let j(b) = 3*b**2 - 8*b - 4. Determine j(f).
12
Let h(b) = 1 - 17*b - 14 - 1059*b**2 + 2116*b**2 - 1056*b**2. Calculate h(17).
-13
Let h(j) = 7*j**3 + 29*j**2 + 45*j + 96. Let r(w) = 19*w**3 + 92*w**2 + 135*w + 287. Let b(t) = 8*h(t) - 3*r(t). What is b(-43)?
-7
Suppose 112 = 4*c + 3*m, -c + 5*m + 4 = -1. Let o(y) = -8*y + c*y + 8 - 2 - 19*y. Give o(2).
2
Let b = 17 - 11. Let u(s) = 9*s**2 - 6*s - 2. Let m(a) = 5*a**2 - 3*a - 1. Let w(k) = b*u(k) - 11*m(k). Let h be (6/(-4))/((-45)/(-60)). Determine w(h).
1
Let j be ((-3)/(-2) - 0)*454/(-681). Let l(z) be the third derivative of -7*z**5/30 + 8*z**2. Calculate l(j).
-14
Let i(w) = w. Let u(y) = 5*y**2 + 6*y - 1. Let j(t) = 5*i(t) - u(t). Let v be 1 + -34 - (-155 + 125). Give j(v).
-41
Let z(t) = t**3 - 5*t**2 - 7*t + 1. Suppose -3*o = 3*v - 1221, -9*v - 5*o = -5*v - 1632. Let d = v - 397. Give z(d).
-5
Let j(c) = 6*c**3 + 3*c**2 - c - 1. Let i be j(1). Let q(h) be the first derivative of h**4/4 - 8*h**3/3 + 7*h**2/2 + 4*h - 176. Give q(i).
4
Let f(n) = n**3 + 4*n**2 - 4*n + 5. Let v be f(-5). Suppose v = 78*w - 79*w + 7. Let m(u) = u - 6. Calculate m(w).
1
Let m(o) = -2*o**2 - o + 3. Let l(d) = d**2 + d. Let p(j) = -3*l(j) - m(j). Suppose -8*v - v + 16 = 52. Give p(v).
-11
Let j(z) = -z**2 - 5*z + 7. Let v be (1 + (-58)/10)*35/2. Let b be (-21)/v + (-31)/(-4). Let h be (7*2)/(6 - b) - -1. Calculate j(h).
1
Let n(q) be the first derivative of -q**6/360 + q**5/24 - 5*q**4/24 + 28*q**3/3 + 47. Let o(s) be the third derivative of n(s). Calculate o(5).
-5
Let g = 295 + -291. Let x(l) = 4*l - 8. Let b(d) = -9*d + 17. Let o(v) = -2*b(v) - 5*x(v). Give o(g).
-2
Let l(o) = -o - 43. Suppose 140 + 133 = -39*r. Determine l(r).
-36
Suppose -7*w - 23*w = -3*w + 81. Let m(n) = n - 2. Calculate m(w).
-5
Let i(u) = u**2 - 5*u + 9. Suppose -16*h - 148*h + 12*h + 608 = 0. Determine i(h).
5
Let b(i) be the second derivative of i**6/40 - i**5/120 + i**4/12 + 23*i**3/3 + 111*i. Let p(j) be the third derivative of b(j). Determine p(-1).
-19
Let p(j) = j**2 - j + 5. Let d be p(4). Let z = d + -13. Let k(r) = -2 + 4*r + 0 - 2. Give k(z).
12
Let i be (30 + -10 + 12)*(-2)/4. Let j be -6 - i - (2 - 0). Let z(a) = -a**2 + 4*a - 12. Calculate z(j).
-44
Let s(w) = 5*w - w - 2*w + 4*w - 5. Let p(z) = -z**2 + 15*z - 23. Let x be p(13). Suppose 5*y = -0*y - 5*a + 40, -x*y + 16 = a. Determine s(y).
19
Let l(o) = -43*o - 52. Let t(a) = 66*a + 105. Let i(f) = -5*l(f) - 3*t(f). Give i(2).
-21
Let p(d) be the first derivative of -7/2*d**2 + 1/60*d**5 + 1/4*d**4 + 1 + 0*d + 0*d**3. Let f(x) be the second derivative of p(x). Give f(-5).
-5
Let h(o) be the third derivative of -5*o**4/12 - 50*o**3 + 32*o**2 - 32. What is h(-30)?
0
Let a = -6485 + 6461. Let d(t) = t**3 + 25*t**2 + 21*t - 54. Determine d(a).
18
Let z(t) = 26*t - 88. Let v be z(9). Let a(h) = -1 - h**2 + 0*h**2 - 146*h + v*h. Calculate a(-3).
-10
Let z(t) = -28*t**3 - 104*t**2 + 2*t - 32. Let b(p) = 10*p**3 + 35*p**2 - p + 10. Let l(f) = 8*b(f) + 3*z(f). Give l(-8).
0
Let v(d) = 8*d - 11. Let i(b) = 5*b - 10. Let l(r) = -3*i(r) + 2*v(r). Let m(o) = -o**3 + 2*o**2 - 2*o + 5. Let z be m(3). What is l(z)?
-2
Let f = -17726 - -17726. Let t(c) = -5*c**3 - 15. Let p(u) = 5*u + 3. Let a be p(-4). Let v(j) = -14*j**3 - 44. Let n(h) = a*t(h) + 6*v(h). What is n(f)?
-9
Suppose -24 - 6 = 30*q. Let b(w) = 7*w**3 - w. Let m be b(q). Let i(j) be the second derivative of 2*j**3/3 + 7*j**2/2 - j. What is i(m)?
-17
Let b = -16 - 29. Let p(m) = 10*m**2 - 45*m. Let l(t) = t**2 - 4*t. Let a(r) = b*l(r) + 4*p(r). Let x = -90 + 89. What is a(x)?
-5
Let y(d) = -72*d**3 + 24*d**2 + 53*d + 75. Let h(q) = 26*q**3 - 8*q**2 - 19*q - 25. Let l(k) = 11*h(k) + 4*y(k). Give l(5).
-10
Let r = -34 + 77. Suppose -r = 5*z - 13. Let o(q) = 2. Let l(w) = 5*w + 1. Let f(v) = l(v) + 2*o(v). What is f(z)?
-25
Let t = 142 - 138. Suppose 4*d - d - 5*f = -16, -t*f = -3*d - 11. Let v(h) be the third derivative of -h**5/60 + h**4/6 - 2*h**2. Give v(d).
3
Let r(h) = h**3 - 5*h**2 - 15*h + 8. Let t = -76 - -69. Let i be (-62 - 8)/t + -3. Calculate r(i).
1
Let l(f) be the second derivative of -f**3/6 + f**2/2 - f. Suppose 2*k = 32 + 4. Suppose 22*j - 4 = k*j. Calculate l(j).
0
Let j(u) = -47*u + 8. Let v(d) = 25*d - 3. Let l(w) = 2*j(w) + 5*v(w). Calculate l(4).
125
Let s(b) = -10*b - 5. Let k(l) = 22*l + 22. Let t(d) = -8*k(d) - 17*s(d). Give t(-18).
17
Suppose 14*z = 58 + 26. Suppose -z - 102 = 9*w. Let a(i) = -i**2 - 14*i - 13. Calculate a(w).
11
Let u(z) = 13*z - 228. Let b(g) = 6*g + 5. Let y(s) = 4*b(s) - u(s). What is y(-23)?
-5
Let i(h) = -5*h - 288. Let v(d) = 368*d + 21022. Let w(t) = -437*i(t) - 6*v(t). Give w(-12).
0
Let y be (-3 - -4) + -3 - (-48)/6. Suppose 0 = y*b - 62 + 26. Let u(l) = 6*l + 8. What is u(b)?
44
Let t(d) be the second derivative of d**5/60 + d**4/12 + 49*d**3/6 + 25*d. Let y(o) be the second derivative of t(o). Let u be 4/6 + (-11)/3. Determine y(u).
-4
Let a(o) = 133 - 37 + 7*o - 252. Calculate a(23).
5
Let v(i) = 8*i + 61. Suppose -16 = -12*y + 8*y. Let j(m) = -3*m - 22. Let u(o) = y*v(o) + 11*j(o). What is u(8)?
-6
Suppose -13*z + 16 + 23 = 0. Suppose -b = -z*p + 31, 0 = -b - 2 + 4. Let k(r) = -3*r + 24 - 5 - 9 - p. What is k(-2)?
5
Let g(s) be the first derivative of 6*s - 87 + 5/2*s**2 - 1/3*s**3. Determine g(6).
0
Let c(u) = -u**2 + 19*u - 35. Let o(b) = -336*b - 4349. Let v be o(-13). Determine c(v).
-35
Let j(r) = r**3 + r**2 + r. Let z be ((-20)/(-14))/(8/14)*-2. Let t(s) = 6*s**3 + 12*s**2 + 12*s + 13. Let f(m) = z*j(m) + t(m). Calculate f(-6).
7
Let f = 340 - 218. Let c = -118 + f. Let y(h) = -h**2 + 5*h. Calculate y(c).
4
Let f(o) = -14*o - 10. Let x(r) = -11*r - 7. Suppose -15 = 41*m - 44*m. Let a(h) = m*f(h) - 7*x(h). Determine a(-1).
-8
Suppose -378 = 3*c - 4*c - 53*c. Let t(u) = -u**3 + 8*u**2 + 2*u - 65. Calculate t(c).
-2
Let w(d) = 5*d**2 - 3*d + 8. Let t = -5926 + 5928. Give w(t).
22
Let o = 2016 + 462. Let m(a) = -1229 + 2*a + 9*a**2 + a**3 + o - 1237. Calculate m(-9).
-6
Let p be 28/(-154) - (-1 + (-312)/22). Let z(s) = -s + 22. Let i(v) = v - 22. Let m(u) = -5*i(u) - 4*z(u). Calculate m(p).
7
Let d(m) = m - 1. Let i be d(2). Let v(o) = 2*o - 1. Let q be v(i). Let x(r) be the first derivative of -7*r**2/2 + 1098. What is x(q)?
-7
Let z(k) = 15 + k**2 - 9*k - 35 + 8 + 21. Calculate z(4).
-11
Let m(u) = 2*u**3 + 3*u**2 + 